{"id":239,"date":"2026-03-15T10:20:08","date_gmt":"2026-03-15T10:20:08","guid":{"rendered":"https:\/\/davidchamba.fr\/?page_id=239"},"modified":"2026-04-02T20:56:02","modified_gmt":"2026-04-02T20:56:02","slug":"mentions-legales-cgv","status":"publish","type":"page","link":"https:\/\/davidchamba.fr\/index.php\/mentions-legales-cgv\/","title":{"rendered":"Mentions l\u00e9gales\u00a0\/\u00a0CGV\u00a0"},"content":{"rendered":"\t\t<div data-elementor-type=\"wp-page\" data-elementor-id=\"239\" class=\"elementor elementor-239\">\n\t\t\t\t<div class=\"elementor-element elementor-element-df89f28 e-flex e-con-boxed e-con e-parent\" data-id=\"df89f28\" data-element_type=\"container\" data-e-type=\"container\">\n\t\t\t\t\t<div class=\"e-con-inner\">\n\t\t\t\t<div class=\"elementor-element elementor-element-4bab4a3 elementor-widget elementor-widget-heading\" data-id=\"4bab4a3\" data-element_type=\"widget\" data-e-type=\"widget\" data-widget_type=\"heading.default\">\n\t\t\t\t\t<h4 class=\"elementor-heading-title elementor-size-default\">MENTIONS L\u00c9GALES &amp; CONDITIONS G\u00c9N\u00c9RALES D'UTILISATION<\/h4>\t\t\t\t<\/div>\n\t\t\t\t\t<\/div>\n\t\t\t\t<\/div>\n\t\t<div class=\"elementor-element elementor-element-deab27b e-flex e-con-boxed e-con e-parent\" data-id=\"deab27b\" data-element_type=\"container\" data-e-type=\"container\">\n\t\t\t\t\t<div class=\"e-con-inner\">\n\t\t\t\t<div class=\"elementor-element elementor-element-98741cb elementor-widget elementor-widget-heading\" data-id=\"98741cb\" data-element_type=\"widget\" data-e-type=\"widget\" data-widget_type=\"heading.default\">\n\t\t\t\t\t<h2 class=\"elementor-heading-title elementor-size-default\">1. MENTIONS L\u00c9GALES\n<\/h2>\t\t\t\t<\/div>\n\t\t<div class=\"elementor-element elementor-element-30c1127 e-con-full e-flex e-con e-child\" data-id=\"30c1127\" data-element_type=\"container\" data-e-type=\"container\">\n\t\t<div class=\"elementor-element elementor-element-f86bd50 e-con-full e-flex e-con e-child\" data-id=\"f86bd50\" data-element_type=\"container\" data-e-type=\"container\">\n\t\t\t\t<div class=\"elementor-element elementor-element-0281eb4 elementor-widget elementor-widget-heading\" data-id=\"0281eb4\" data-element_type=\"widget\" data-e-type=\"widget\" data-widget_type=\"heading.default\">\n\t\t\t\t\t<h3 class=\"elementor-heading-title elementor-size-default\">\u00c9diteur du site\n<\/h3>\t\t\t\t<\/div>\n\t\t\t\t<div class=\"elementor-element elementor-element-1347dd4 elementor-widget elementor-widget-text-editor\" data-id=\"1347dd4\" data-element_type=\"widget\" data-e-type=\"widget\" data-widget_type=\"text-editor.default\">\n\t\t\t\t\t\t\t\t\t<p>Le pr\u00e9sent site est \u00e9dit\u00e9 par :<br \/>Nom et pr\u00e9nom : [DAVID CHAMBA<br \/>Statut : Auto-entrepreneur \/ Entrepreneur individuel\u00a0<br \/>Activit\u00e9 : Com\u00e9dien(ne) de voix off \u2014 prestation de services artistiques et techniques<br \/>Adresse : [ADRESSE COMPL\u00c8TE]<br \/>T\u00e9l\u00e9phone : [NUM\u00c9RO DE T\u00c9L\u00c9PHONE]<br \/>Email : [ADRESSE EMAIL]<br \/>SIRET : [NUM\u00c9RO SIRET]<br \/>Num\u00e9ro de TVA intracommunautaire : [NUM\u00c9RO TVA] (si applicable)<\/p>\t\t\t\t\t\t\t\t<\/div>\n\t\t\t\t<\/div>\n\t\t<div class=\"elementor-element elementor-element-71213a9 e-con-full e-flex e-con e-child\" data-id=\"71213a9\" data-element_type=\"container\" data-e-type=\"container\">\n\t\t\t\t<div class=\"elementor-element elementor-element-0be62ca elementor-widget elementor-widget-heading\" data-id=\"0be62ca\" data-element_type=\"widget\" data-e-type=\"widget\" data-widget_type=\"heading.default\">\n\t\t\t\t\t<h3 class=\"elementor-heading-title elementor-size-default\">H\u00e9bergement<\/h3>\t\t\t\t<\/div>\n\t\t\t\t<div class=\"elementor-element elementor-element-7760f59 elementor-widget elementor-widget-text-editor\" data-id=\"7760f59\" data-element_type=\"widget\" data-e-type=\"widget\" data-widget_type=\"text-editor.default\">\n\t\t\t\t\t\t\t\t\t<p>Le site est h\u00e9berg\u00e9 par :<br \/>Soci\u00e9t\u00e9 : O2 SWITCH<br \/>Site web : <strong><a href=\"https:\/\/www.o2switch.fr\/\">o2switch.fr<\/a><\/strong><\/p>\t\t\t\t\t\t\t\t<\/div>\n\t\t\t\t<div class=\"elementor-element elementor-element-78da30f elementor-widget elementor-widget-heading\" data-id=\"78da30f\" data-element_type=\"widget\" data-e-type=\"widget\" data-widget_type=\"heading.default\">\n\t\t\t\t\t<h3 class=\"elementor-heading-title elementor-size-default\">Conception graphique &amp; d\u00e9veloppement\n<\/h3>\t\t\t\t<\/div>\n\t\t\t\t<div class=\"elementor-element elementor-element-d4afa22 elementor-widget elementor-widget-text-editor\" data-id=\"d4afa22\" data-element_type=\"widget\" data-e-type=\"widget\" data-widget_type=\"text-editor.default\">\n\t\t\t\t\t\t\t\t\t<p>Le site a \u00e9t\u00e9 con\u00e7u et d\u00e9velopp\u00e9 par :<br \/>Graphiste et D\u00e9veloppeuse : Alo\u00efse GARCIA<br \/>Site web \/ Contact : <strong>aloise-garcia.fr<\/strong><\/p>\t\t\t\t\t\t\t\t<\/div>\n\t\t\t\t<\/div>\n\t\t\t\t<\/div>\n\t\t\t\t<div class=\"elementor-element elementor-element-edd067e elementor-widget elementor-widget-heading\" data-id=\"edd067e\" data-element_type=\"widget\" data-e-type=\"widget\" data-widget_type=\"heading.default\">\n\t\t\t\t\t<h2 class=\"elementor-heading-title elementor-size-default\">2. PROPRI\u00c9T\u00c9 INTELLECTUELLE\n<\/h2>\t\t\t\t<\/div>\n\t\t\t\t<div class=\"elementor-element elementor-element-4c19ab9 elementor-widget elementor-widget-text-editor\" data-id=\"4c19ab9\" data-element_type=\"widget\" data-e-type=\"widget\" data-widget_type=\"text-editor.default\">\n\t\t\t\t\t\t\t\t\t<p>L&#8217;ensemble des contenus pr\u00e9sents sur ce site (textes, images, sons, enregistrements audio, vid\u00e9os, logos, chartes graphiques) est la propri\u00e9t\u00e9 exclusive de DAVID CHAMBA ou de leurs auteurs respectifs, et est prot\u00e9g\u00e9 par les lois fran\u00e7aises et internationales relatives \u00e0 la propri\u00e9t\u00e9 intellectuelle.<\/p><p>Toute reproduction, repr\u00e9sentation, modification, publication ou adaptation de tout ou partie des \u00e9l\u00e9ments du site, quel que soit le moyen ou le proc\u00e9d\u00e9 utilis\u00e9, est interdite sans autorisation \u00e9crite pr\u00e9alable de DAVID CHAMBA<\/p><p>Les enregistrements audio disponibles \u00e0 titre de d\u00e9monstration (d\u00e9mos voix off) sont strictement r\u00e9serv\u00e9s \u00e0 l&#8217;\u00e9coute et ne peuvent \u00eatre t\u00e9l\u00e9charg\u00e9s, reproduits, diffus\u00e9s ou utilis\u00e9s \u00e0 des fins commerciales sans accord contractuel.<\/p>\t\t\t\t\t\t\t\t<\/div>\n\t\t\t\t<div class=\"elementor-element elementor-element-57241d8 elementor-widget elementor-widget-heading\" data-id=\"57241d8\" data-element_type=\"widget\" data-e-type=\"widget\" data-widget_type=\"heading.default\">\n\t\t\t\t\t<h2 class=\"elementor-heading-title elementor-size-default\">3. COOKIES\n<\/h2>\t\t\t\t<\/div>\n\t\t\t\t<div class=\"elementor-element elementor-element-82d1b7f elementor-widget elementor-widget-text-editor\" data-id=\"82d1b7f\" data-element_type=\"widget\" data-e-type=\"widget\" data-widget_type=\"text-editor.default\">\n\t\t\t\t\t\t\t\t\tCe site est susceptible d&#8217;utiliser des cookies techniques n\u00e9cessaires \u00e0 son bon fonctionnement. Aucun cookie publicitaire ou de tracking tiers n&#8217;est utilis\u00e9 sans votre consentement pr\u00e9alable.\nVous pouvez configurer votre navigateur pour refuser les cookies. Cela peut affecter certaines fonctionnalit\u00e9s du site.\t\t\t\t\t\t\t\t<\/div>\n\t\t\t\t<div class=\"elementor-element elementor-element-2d65bd4 elementor-widget elementor-widget-heading\" data-id=\"2d65bd4\" data-element_type=\"widget\" data-e-type=\"widget\" data-widget_type=\"heading.default\">\n\t\t\t\t\t<h2 class=\"elementor-heading-title elementor-size-default\">4. CONDITIONS G\u00c9N\u00c9RALES D'UTILISATION<\/h2>\t\t\t\t<\/div>\n\t\t\t\t<div class=\"elementor-element elementor-element-87bc87e elementor-widget elementor-widget-heading\" data-id=\"87bc87e\" data-element_type=\"widget\" data-e-type=\"widget\" data-widget_type=\"heading.default\">\n\t\t\t\t\t<h3 class=\"elementor-heading-title elementor-size-default\">Acc\u00e8s au site\n<\/h3>\t\t\t\t<\/div>\n\t\t\t\t<div class=\"elementor-element elementor-element-3db7a10 elementor-widget elementor-widget-text-editor\" data-id=\"3db7a10\" data-element_type=\"widget\" data-e-type=\"widget\" data-widget_type=\"text-editor.default\">\n\t\t\t\t\t\t\t\t\t<p>L&#8217;acc\u00e8s au site <strong>davidchamba.fr<\/strong> est gratuit et ouvert \u00e0 tout utilisateur disposant d&#8217;un acc\u00e8s \u00e0 Internet. Tous les frais li\u00e9s \u00e0 l&#8217;acc\u00e8s (mat\u00e9riel, connexion) restent \u00e0 la charge de l&#8217;utilisateur.<\/p>\t\t\t\t\t\t\t\t<\/div>\n\t\t\t\t<div class=\"elementor-element elementor-element-2ef9876 elementor-widget elementor-widget-heading\" data-id=\"2ef9876\" data-element_type=\"widget\" data-e-type=\"widget\" data-widget_type=\"heading.default\">\n\t\t\t\t\t<h3 class=\"elementor-heading-title elementor-size-default\">Responsabilit\u00e9\n<\/h3>\t\t\t\t<\/div>\n\t\t\t\t<div class=\"elementor-element elementor-element-ee48d85 elementor-widget elementor-widget-text-editor\" data-id=\"ee48d85\" data-element_type=\"widget\" data-e-type=\"widget\" data-widget_type=\"text-editor.default\">\n\t\t\t\t\t\t\t\t\t<p>DAVID CHAMBA s&#8217;efforce d&#8217;assurer l&#8217;exactitude et la mise \u00e0 jour des informations publi\u00e9es sur ce site. Toutefois, DAVID CHAMBA ne peut garantir l&#8217;exhaustivit\u00e9 ou l&#8217;absence d&#8217;erreur des informations diffus\u00e9es et se r\u00e9serve le droit de les modifier \u00e0 tout moment sans pr\u00e9avis.<\/p><p>DAVID CHAMBA ne saurait \u00eatre tenu responsable des dommages directs ou indirects r\u00e9sultant de l&#8217;utilisation de ce site ou de l&#8217;impossibilit\u00e9 d&#8217;y acc\u00e9der.<\/p>\t\t\t\t\t\t\t\t<\/div>\n\t\t\t\t<div class=\"elementor-element elementor-element-0ca1265 elementor-widget elementor-widget-heading\" data-id=\"0ca1265\" data-element_type=\"widget\" data-e-type=\"widget\" data-widget_type=\"heading.default\">\n\t\t\t\t\t<h3 class=\"elementor-heading-title elementor-size-default\">Liens hypertextes\n<\/h3>\t\t\t\t<\/div>\n\t\t\t\t<div class=\"elementor-element elementor-element-21f21af elementor-widget elementor-widget-text-editor\" data-id=\"21f21af\" data-element_type=\"widget\" data-e-type=\"widget\" data-widget_type=\"text-editor.default\">\n\t\t\t\t\t\t\t\t\t<p>Le site peut contenir des liens vers des sites tiers. DAVID CHAMBA n&#8217;exerce aucun contr\u00f4le sur ces sites et d\u00e9cline toute responsabilit\u00e9 quant \u00e0 leur contenu.<\/p>\t\t\t\t\t\t\t\t<\/div>\n\t\t\t\t<div class=\"elementor-element elementor-element-e801a74 elementor-widget elementor-widget-heading\" data-id=\"e801a74\" data-element_type=\"widget\" data-e-type=\"widget\" data-widget_type=\"heading.default\">\n\t\t\t\t\t<h3 class=\"elementor-heading-title elementor-size-default\">Droit applicable\n<\/h3>\t\t\t\t<\/div>\n\t\t\t\t<div class=\"elementor-element elementor-element-ee759b1 elementor-widget elementor-widget-text-editor\" data-id=\"ee759b1\" data-element_type=\"widget\" data-e-type=\"widget\" data-widget_type=\"text-editor.default\">\n\t\t\t\t\t\t\t\t\tLes pr\u00e9sentes mentions l\u00e9gales et CGU sont soumises au droit fran\u00e7ais. En cas de litige, les tribunaux fran\u00e7ais seront seuls comp\u00e9tents.\t\t\t\t\t\t\t\t<\/div>\n\t\t\t\t<div class=\"elementor-element elementor-element-d138a3d elementor-widget elementor-widget-heading\" data-id=\"d138a3d\" data-element_type=\"widget\" data-e-type=\"widget\" data-widget_type=\"heading.default\">\n\t\t\t\t\t<h3 class=\"elementor-heading-title elementor-size-default\">Derni\u00e8re mise \u00e0 jour : 02\/04\/2026<\/h3>\t\t\t\t<\/div>\n\t\t\t\t\t<\/div>\n\t\t\t\t<\/div>\n\t\t\t\t<\/div>\n\t\t","protected":false},"excerpt":{"rendered":"<p>MENTIONS L\u00c9GALES &amp; CONDITIONS G\u00c9N\u00c9RALES D&#8217;UTILISATION 1. MENTIONS L\u00c9GALES \u00c9diteur du site Le pr\u00e9sent site est \u00e9dit\u00e9 par :Nom et pr\u00e9nom : [DAVID CHAMBAStatut : Auto-entrepreneur \/ Entrepreneur individuel\u00a0Activit\u00e9 : Com\u00e9dien(ne) de voix off \u2014 prestation de services artistiques et techniquesAdresse : [ADRESSE COMPL\u00c8TE]T\u00e9l\u00e9phone : [NUM\u00c9RO DE T\u00c9L\u00c9PHONE]Email : [ADRESSE EMAIL]SIRET : [NUM\u00c9RO SIRET]Num\u00e9ro de [&hellip;]<\/p>\n","protected":false},"author":1,"featured_media":0,"parent":0,"menu_order":0,"comment_status":"closed","ping_status":"closed","template":"","meta":{"footnotes":""},"class_list":["post-239","page","type-page","status-publish","hentry"],"_links":{"self":[{"href":"https:\/\/davidchamba.fr\/index.php\/wp-json\/wp\/v2\/pages\/239","targetHints":{"allow":["GET"]}}],"collection":[{"href":"https:\/\/davidchamba.fr\/index.php\/wp-json\/wp\/v2\/pages"}],"about":[{"href":"https:\/\/davidchamba.fr\/index.php\/wp-json\/wp\/v2\/types\/page"}],"author":[{"embeddable":true,"href":"https:\/\/davidchamba.fr\/index.php\/wp-json\/wp\/v2\/users\/1"}],"replies":[{"embeddable":true,"href":"https:\/\/davidchamba.fr\/index.php\/wp-json\/wp\/v2\/comments?post=239"}],"version-history":[{"count":16,"href":"https:\/\/davidchamba.fr\/index.php\/wp-json\/wp\/v2\/pages\/239\/revisions"}],"predecessor-version":[{"id":1075,"href":"https:\/\/davidchamba.fr\/index.php\/wp-json\/wp\/v2\/pages\/239\/revisions\/1075"}],"wp:attachment":[{"href":"https:\/\/davidchamba.fr\/index.php\/wp-json\/wp\/v2\/media?parent=239"}],"curies":[{"name":"wp","href":"https:\/\/api.w.org\/{rel}","templated":true}]}}